Calculate -20 + 53 + 3 + 4 + -7.
33
Calculate (-9 - -1 - (270 + -285) - (-1 - 2)) + -16.
-6
Evaluate 4 + -4 + 25 + (-89 - 11).
-75
Evaluate (-91 + 51 - (-4 + -17)) + 33.
14
-35 + 57 + (-23 - 2) - (29 - 1)
-31
What is the value of -90 + 117 - (-9 + 44) - -1?
-7
What is the value of 112 - 53 - 33 - 101?
-75
Calculate 6 + -3 + 3 + -168 + 197.
35
What is the value of (-17 - -66 - 85) + -1?
-37
Calculate (16 - -1) + -2928 + 2900.
-11
Calculate -1 + -6 + -3 + (-311 - -298).
-23
What is -32 - (-70 - -104 - -21)?
-87
What is 76 + -54 + (0 + -8 - 24)?
-10
What is (91 - 68) + -1 + -1 - -25?
46
-19 - (-34 - (19 + 6 + -33))
7
What is -9 + (10 - (13 - 36 - -69))?
-45
What is the value of 40 + -2 + -10 + 36 + -7 + -6?
51
What is -26 - (-26 - -8) - ((-6 - -15) + -89)?
72
Calculate (4 - (31 + -102)) + 11 + -20.
66
(3 + 11 + -5 - (-8 + 22 + -9)) + 55
59
Calculate (-1 - -13) + (-66 - -1 - -93).
40
Calculate -16 - (9 - 58 - 0).
33
Calculate -2 + -25 - (-29 + 106 + -94).
-10
Evaluate 40 - ((-855 - -835) + 45 + 2).
13
Evaluate -78 + (10 - (63 + -29) - -35).
-67
Evaluate -3335 - -3421 - (-1 - -77).
10
Calculate -78 + (87 + 80 - 78).
11
0 + -63 - (709 + -798)
26
Calculate -28 + (-4 - 1 - (90 + -78)).
-45
Evaluate -4 + (-18 - (17 - 59)).
20
Evaluate -46 + -718 + 739 + (1 - 17).
-41
What is (-1 - (43 + -43)) + (1 - -31)?
31
What is (-61 + 16 - -84) + -13?
26
Calculate (-15 - (-41 + 55)) + (82 - 4).
49
What is the value of (-8 - -4 - 7) + (105 - (38 + -42))?
98
What is 43 + (-54 - -53 - (-1 - 25))?
68
What is the value of -1 + (-9 + 11 + 54 - -20 - -10)?
85
What is the value of -3 + -7 + (-3 - -5 - (17 + -27)) + -36?
-34
What is the value of -3 - 65 - (5 + -2 + (-55 - (-3 - 41)))?
-60
What is the value of (85 + 9 - 104) + -62?
-72
Calculate -5 - (-5 + (-5 - 20)) - -2 - -3.
30
Evaluate 8 + (-1 - 3) + (167 - (155 + -71)).
87
What is -803 + 826 + (-1 + -2 - 0 - 4)?
16
What is the value of (-365 - -371) + (0 + 3 - (-14 - 2))?
25
What is (77 - (25 - (-1 - -4))) + -25?
30
What is the value of 15 - (-102 - -76) - 8?
33
Calculate (10 + 0 + -2 + 5 + -10 - 6) + 40.
37
Evaluate (1 - 7) + 10 + (-22 - -10) + -5 - 2.
-15
Evaluate 14 + -2 + ((-11 - -28) + -109 - -21).
-59
Evaluate -741 + 825 - (158 - -16).
-90
3 - 5 - (38 + -31 + -17 + 23)
-15
-6 + -24 - (-46 + 23) - (1 + -60)
52
98 - (36 - (-3 - 34))
25
Evaluate (-61 + 51 - 15) + -31.
-56
Evaluate -4 + -23 - (7 + 0 - (-106 + 105)).
-35
What is -11 - (-2 + 9 + (47 - 6) + -44)?
-15
-1 + (2 - -16 - 8 - (24 + -19))
4
What is 43 - ((3 - 6) + -10 + -9 + 8)?
57
-90 + -3 + -42 + 172
37
(0 - -124) + (53 - 34 - 53) + 26
116
What is (63 - 11) + (14 - -1) + (4 - (-13 + 21))?
63
Evaluate 92 - (-10 - -60) - (-1 + 0).
43
What is the value of -1367 + 1327 - (48 + 2)?
-90
What is the value of (25 - (113 - 91)) + -1 + -18?
-16
120 + -154 + (-15 + 6 + 1 - -5) + 14
-23
What is the value of 3282 + -3297 + (83 - -5)?
73
-18 - -2 - (-6 + (-10 - 22))
22
Evaluate -16 - (-49 + 8 + (14 - 22)).
33
What is (0 - 12 - (-9 + 19 - (16 - -3))) + 21?
18
-34 + (-13 - (4 + -31 + 3 + 14))
-37
Calculate -53 + (-74 + 59 - (9 + -1)).
-76
(-314 + 292 - (-18 + 0)) + 55
51
Calculate -17 + 13 + 8 + 0 - 115.
-111
What is the value of (4 - (32 + -9 + -11)) + (-87 - -8) + 8?
-79
Calculate -28 + 13 - (11 - (29 - 2 - 0)).
1
Calculate -10 - (-1 + 7) - (11 + 18 + 92).
-137
53 + 0 + 390 + -535 - (-14 + 0)
-78
Calculate (-16 - (-106 + (-20 - -37))) + (0 - 0) + 6.
79
(0 - (7 + 0)) + (-430 + 311 - -69)
-57
Calculate 28 - (-25 + -62) - -12.
127
What is the value of -5 + -15 - (102 + 0 + -11 + 4)?
-115
What is (-15 - (10 - -13)) + (-81 - -59)?
-60
What is -9 - -27 - (13 + -22 + 13)?
14
What is the value of -2 - (15 + (14 - 23) + 2 + -43)?
33
What is the value of -83 - (-3 + (14 - (37 - (9 + -2) - 8)))?
-72
What is -7 + -33 - (-39 + 34)?
-35
Calculate -23 - (1 + (21 - 19) + 4 + (4 - 8)).
-26
What is -5 + (-58 - -67 - -58)?
62
Calculate -3 + -2 + 3 - (-152 - -138).
12
(24 - -2) + (18 - (-17 + 4 + 43))
14
What is the value of 406 - 392 - (-1 + -43)?
58
Calculate -124 - (121 - (295 + -25)).
25
Evaluate -27 + (-131 - -121) + (4 - -1).
-32
What is the value of -3 + 5 + 5 + 1 + -7 + -20?
-19
What is the value of 16 - (-3 - -2) - 12 - (49 - 15)?
-29
-9 - (-28 - -15 - 4 - -93) - -7
-78
Evaluate (6 + -82 - (-5 - -1)) + 1277 + -1299.
-94
Calculate (-946 - -887) + (-6 + 13 - (-2 - (1 - 6))).
-55
Evaluate 117 + -101 + (-1 - -4 - 0) + 36.
55
Evaluate (-2 - (-13 + 10)) + 5 - 8 - -10.
8
Calculate 4 - (6 + 2 - ((283 - 272) + -25 + 0)).
-18
Evaluate (3 - -14 - (149 - 151)) + -2.
17
What is -1 + -2 + 1 - (16 + -28 + 63)?
-53
What is the value of 45 - (2 + -1 + -25 + 35 + -19 + 2)?
51
Calculate 14 + -106 + 0 + (14 - 39 - -39).
-78
Calculate 108 + -106 + 4 + -3 + 12 + 3.
18
Evaluate -66 - (-7 + -16 + 18 + -3).
-58
18 + -21 + -8 - (-9 + -1 + 17)
-18
What is the value of (-21 + 56 + (-23 - 5) - (-1 - -18)) + -56?
-66
What is the value of 26 - ((15 - (62 + -22)) + 4)?
47
What is the value of -5 + -12 - (15 - (-12 - (-5 + -15)))?
-24
What is the value of -66 - (-6 + -12 + 10 + 17 + 3 + -10)?
-68
What is -1 - -32 - (17 - (8 - (-36 + 15)))?
43
Calculate 22 + (51 - 118) + 17.
-28
Calculate -114 + (49 - 91 - -157).
1
Evaluate -32 - -114 - 81 - -40.
41
-75 + (40 - 13) + 2
-46
-2 - -2 - (59 - ((-604 - -608) + 3 + 0))
-52
Calculate 16 - (-1 + -3 - 14) - -2.
36
Calculate (1 - -3 - (-9 - -5)) + (-13 - -2 - 25).
-28
What is the value of -40 - (32 - (44 + -17))?
-45
What is 32 + -26 - (0 - (-5 - (1 - 3))) - 13?
-10
What is 53 - ((-26 - (-80 - -60)) + 4 + (-2 - -4))?
53
Evaluate (-4 - -12) + -5 - -2 - (4 - -4 - 37).
34
What is the value of 4 - (13 + -101 + (-47 - -49 - (-2 + 4)))?
92
Calculate -27 + 61 - 17 - (3 - (19 - 3)).
30
Calculate 17 - -1 - (25 - (20 + 33) - 36).
82
(-114 - -129) + (-31 + 16 - -44)
44
What is (7 - 31) + 21 + -12 + 15?
0
-26 - (-1 + 8 + -51) - 40
-22
What is -1 + 1 - (12 - 2) - (194 - (253 - 9))?
40
-25 + 51 + -33 + (33 + 2 - -2)
30
What is the value of -62 - -3 - (1161 + -1233)?
13
What is 61 - (6 - (-45 + 4))?
14
-59 + (12 - 0 - (38 - (30 + 7)))
-48
Evaluate -12 + 17 + (116 + -123 - (20 - 3)).
-19
-16 - (-23 - (5 + -4 - 22))
-14
What is -284 - -290 - (1 + 46 - 0 - 4)?
-37
What is the value of -113 + (-26 - -53) - (20 - 18)?
-88
What is the value of (-80 - (-39 + -64)) + 22?
45
What is the value of -52 + -1 + -8 + (-26 + 1 - -11)?
-75
Calculate -56 + (59 - -42) + -26 + 29 + 0.
48
What is the value of (-14 - 6) + 10 + (50 - 4)?
36
8 + 10 + -35 + 6 + -77
-88
What is the value of 41 + -4 + -2 + (-6 + 11 - 9 - -12)?
43
-2 + 8 + (0 - (14 - (14 + 15)))
21
What is the value of 324 + -203 - (87 + 1)?
33
Evaluate 69 + -305 + 136 - -82.
-18
(-24 - 4) + 10 + -10 + (19 - 16)
-25
-10 - ((25 - (10 + 0)) + (-22 - -36))
-39
What is (85 - -23) + -76 - 52?
-20
68 + -55 - (-19 - -21 - 19)
30
Calculate (9 - -25) + (34 - 27).
41
What is (145 + -186 - 25) + 101?
35
Evaluate -13 + 10 + -26 + (2 - (10 - 15)) + -4.
-26
What is the value of 9 - (-13 + (70 - (-7 + 15 - -2)))?
-38
5 + (-10 - -9) - (9 + -5 + 27 + 2)
-29
Evaluate -2 + (77 - -3) + (24 - 31) + -2.
69
Calculate -104 - (146 + -156 + (-3 - 10)).
-81
-643 + 652 + (-71 - (7 - 5 - 1))
-63
Evaluate (-147 - 214 - -307) + (6 - (-2 - (1 + -2))).
-47
What is (26 + 3 - 13 - -7) + 11 - 1?
33
What is 14 - (-19 + -76 + (-1 - -1) - 24)?
133
What is 26 + (-26 - (-108 + 53))?
55
Calculate (0 - 2) + -16 + -240 + 278 + -18 + 0.
2
61 - (-21 + 19 + 11) - (4 - 0)
48
Evaluate 4 + (-1 - 4) + 24 + 3 + -1.
25
Evaluate -4 - -82 - -68 - 169.
-23
-37 + -46 + 11 + 91
19
Calculate (-15 - (-13 + 17 + -19 + 74)) + -10.
-84
-64 - (24 + (15 - 52))
-51
What is the value of 11 + -3 + (16 - 7) + -2 + 49?
64
-6 - (75 + 79 + -11)
-149
Calculate 60 - (-103 - (-149 - 70)).
-56
Calculate (-10 + 7 + 19 - (3 - -6)) + -1 + 11.
17
Calculate -7 - -7 - (4 + 30 + -26 + (-1 - 25)).
18
(-58 - -36) + -8 - -62
32
Evaluate -11 - 0 - (302 + 72 - 349).
-36
What is the value of (-48 - -7) + -4 + -4 + (3 - 8)?
-54
Calculate (-2 - -9) + 63 + -16 + -11 + 20 + -12.
51
-90 + (-65 - -52) + 55
-48
Evaluate 14 - ((1 - ((14 - -7) + -12 - 1)) + -77).
98
Evaluate 65 + -169 - (12 + 35 + -25).
-126
Evaluate 1 + 58 - (-45 + 33 - (-2 - 2)).
67
What is 76 + -58 + -1 + 2 - 1?
18
What is 5 - ((-6 - -12) + -6 + 47 + -3)?
-39
What is -7 + 